of 214?
False
Is 41454954 a multiple of 687?
True
Does 4384 divide 3258258944?
True
Does 3499 divide 331540747?
True
Does 22 divide 1071597407?
False
Does 70 divide 317630225?
False
Is 13 a factor of 110671691?
True
Is 10 a factor of 1186870?
True
Is 763 a factor of 196048709?
False
Does 811 divide 66530027?
False
Is 22852821 a multiple of 177?
False
Is 29 a factor of 152896352?
True
Does 568 divide 692177864?
True
Is 29259906 a multiple of 218?
False
Is 27108212 a multiple of 1542?
False
Is 12847399 a multiple of 36?
False
Is 1698451147 a multiple of 336?
False
Is 2927417597 a multiple of 452?
False
Is 26886550 a multiple of 25?
True
Is 4812604170 a multiple of 593?
True
Does 51 divide 264105430?
False
Does 16 divide 3459296?
True
Is 54 a factor of 35068302?
True
Does 125 divide 1953625?
True
Is 110 a factor of 467850287?
False
Is 61509764 a multiple of 1436?
False
Does 146 divide 1520444?
True
Is 5494 a factor of 853131780?
False
Does 328 divide 234707109?
False
Is 830431289 a multiple of 354?
False
Does 25 divide 809422250?
True
Is 8403954 a multiple of 11?
False
Is 4606916092 a multiple of 179?
False
Is 301 a factor of 20193205?
False
Is 383389360 a multiple of 716?
True
Does 11 divide 4107388?
False
Does 33 divide 21964470?
True
Does 37 divide 5391492?
True
Is 8299056 a multiple of 328?
True
Is 85707877 a multiple of 340?
False
Is 12 a factor of 60976428?
True
Does 136 divide 256240257?
False
Is 905624272 a multiple of 8092?
True
Does 377 divide 385357713?
True
Is 5921 a factor of 3533315303?
True
Is 2196730 a multiple of 186?
False
Is 232089 a multiple of 541?
True
Does 95 divide 10672775?
True
Does 129 divide 569301639?
True
Is 399 a factor of 11142932?
False
Is 658 a factor of 1405176528?
False
Is 66701400 a multiple of 285?
True
Does 753 divide 40305121?
False
Does 23 divide 864068853?
True
Is 170761207 a multiple of 1255?
False
Is 256 a factor of 84566438?
False
Does 4 divide 67058240?
True
Is 48020699 a multiple of 47?
True
Is 1386979 a multiple of 3?
False
Is 25449615 a multiple of 3159?
False
Is 158016369 a multiple of 57?
True
Does 101 divide 19194343?
True
Is 458 a factor of 24206216?
True
Is 152 a factor of 1538148496?
True
Is 445013359 a multiple of 201?
False
Is 390165891 a multiple of 2035?
False
Does 21 divide 125947437?
True
Is 27935630 a multiple of 6?
False
Is 1747704 a multiple of 84?
True
Is 5793985 a multiple of 191?
True
Is 98 a factor of 29157156?
True
Is 891 a factor of 11748525?
False
Is 6 a factor of 5539950?
True
Does 86 divide 23121960?
True
Is 565801157 a multiple of 557?
True
Is 40 a factor of 9042480?
True
Does 2349 divide 460817424?
True
Does 1192 divide 1842725912?
True
Is 73 a factor of 602274070?
False
Does 1259 divide 131573054?
True
Is 43195647 a multiple of 11?
True
Is 1037 a factor of 364797934?
True
Is 30 a factor of 18980390?
False
Does 88 divide 48908200?
True
Is 32439791 a multiple of 1694?
False
Is 51474544 a multiple of 16?
True
Is 2099095768 a multiple of 358?
True
Is 2176933418 a multiple of 8396?
False
Does 82 divide 150379882?
True
Is 60121903 a multiple of 6?
False
Is 76914038 a multiple of 31?
True
Is 30 a factor of 8056414?
False
Is 53 a factor of 90151285?
False
Is 17 a factor of 8202462?
False
Is 1697 a factor of 285768012?
True
Is 314 a factor of 245860430?
True
Does 86 divide 169475764?
False
Is 42497405 a multiple of 71?
True
Is 17873828 a multiple of 14?
True
Is 64 a factor of 3472755?
False
Is 169 a factor of 29754985?
True
Does 89 divide 169661193?
False
Is 300481800 a multiple of 24?
True
Does 60 divide 334332942?
False
Is 11 a factor of 226171748?
True
Does 73 divide 150693646?
False
Is 21721420 a multiple of 215?
False
Does 10 divide 412347046?
False
Does 5310 divide 1083926234?
False
Is 3991927979 a multiple of 79?
False
Is 353 a factor of 762972223?
False
Does 1932 divide 483397992?
True
Does 21 divide 10144439?
False
Does 57 divide 13950930?
False
Is 3507 a factor of 236424593?
False
Does 125 divide 6129500?
True
Is 149107114 a multiple of 851?
True
Is 137661614 a multiple of 1552?
False
Does 98 divide 5950168?
True
Is 12 a factor of 341318164?
False
Does 158 divide 770473412?
True
Is 26 a factor of 45392412?
True
Is 4023864 a multiple of 156?
True
Does 1192 divide 121457648?
True
Is 1922244 a multiple of 51?
False
Is 216 a factor of 6718896?
True
Does 1062 divide 30761189?
False
Is 20 a factor of 721906211?
False
Does 1478 divide 29901418?
True
Is 89485272 a multiple of 24?
True
Is 188005600 a multiple of 965?
False
Is 259488742 a multiple of 106?
True
Does 59 divide 514765125?
False
Is 35008629 a multiple of 30?
False
Is 53 a factor of 3068440?
False
Is 1099768454 a multiple of 20?
False
Is 1984692816 a multiple of 1656?
True
Is 62 a factor of 6877191?
False
Does 54 divide 127120290?
False
Is 1017 a factor of 43567263?
True
Is 122607340 a multiple of 184?
False
Is 575 a factor of 471521275?
True
Is 27 a factor of 144215175?
False
Is 1769 a factor of 15743048?
False
Is 10755 a factor of 1100576133?
False
Is 1243 a factor of 113855071?
True
Does 64 divide 164926412?
False
Does 3697 divide 334247260?
False
Is 78 a factor of 85800236?
False
Does 184 divide 529774908?
False
Is 19564991 a multiple of 63?
False
Is 5535327254 a multiple of 12?
False
Is 831911668 a multiple of 11?
False
Is 10504640 a multiple of 160?
True
Is 377475728 a multiple of 1099?
True
Is 11512340 a multiple of 5?
True
Is 5 a factor of 50260300?
True
Is 242 a factor of 1227414?
False
Is 679212072 a multiple of 88?
True
Is 1961376 a multiple of 24?
True
Is 4443294 a multiple of 7?
False
Is 575655472 a multiple of 28?
True
Is 55413768 a multiple of 6?
True
Does 6 divide 32921455?
False
Does 856 divide 27344920?
True
Is 79869371 a multiple of 919?
True
Is 335597493 a multiple of 231?
True
Does 1434 divide 39316129?
False
Does 1670 divide 172345670?
True
Is 8851144 a multiple of 568?
True
Is 829471234 a multiple of 3778?
True
Is 83 a factor of 103230584?
False
Is 4860 a factor of 180288186?
False
Does 1173 divide 8395161?
True
Does 133 divide 527640034?
False
Does 12000 divide 2131068000?
True
Is 28 a factor of 664010271?
False
Is 2212318607 a multiple of 79?
True
Is 684 a factor of 2428427772?
True
Is 2712265452 a multiple of 4563?
True
Does 852 divide 11639172?
True
Is 13 a factor of 1576798958?
False
Is 160044556 a multiple of 7?
True
Is 79133227 a multiple of 128?
False
Is 24 a factor of 1073237?
False
Is 12030905 a multiple of 50?
False
Does 104 divide 183006311?
False
Is 63439646 a multiple of 193?
False
Does 290 divide 1554354033?
False
Does 17 divide 65536312?
False
Is 10830202 a multiple of 17?
False
Is 169 a factor of 34677211?
False
Is 578 a factor of 14040810?
False
Is 878758054 a multiple of 2732?
False
Is 23809761 a multiple of 1587?
True
Is 1124 a factor of 45237912?
False
Does 43 divide 272710930?
False
Is 34 a factor of 147875452?
True
Is 184467480 a multiple of 1814?
False
Does 427 divide 151186634?
False
Is 1176 a factor of 24730104?
True
Is 182200352 a multiple of 1967?
False
Is 186070408 a multiple of 8?
True
Is 16108008 a multiple of 8?
True
Is 47962367 a multiple of 22?
False
Is 16 a factor of 13773557?
False
Is 43 a factor of 146742598?
False
Is 570025851 a multiple of 696?
False
Is 23 a factor of 4995608615?
False
Is 9 a factor of 244151012?
False
Does 104 divide 112765224?
True
Is 2174166 a multiple of 19?
False
Is 206 a factor of 21518554?
True
Is 18 a factor of 13844790?
True
Is 4022592900 a multiple of 2900?
True
Is 2056750763 a multiple of 11?
False
Is 7547661500 a multiple of 588?
False
Is 2753396670 a multiple of 51?
True
Is 1902595 a multiple of 2?
False
Is 295349109 a multiple of 9?
False
Is 23 a factor of 38479527?
False
Is 263 a factor of 62780531?
False
Does 43 divide 405698378?
True
Is 107 a factor of 13987334?
False
Does 93 divide 74690339?
False
Is 3787690122 a multiple of 26?
False
Is 275253102 a multiple of 9?
True
Is 1272945940 a multiple of 18?
False
Is 4745 a factor of 874372819?
False
Is 179041523 a multiple of 705?
False
Is 2082524539 a multiple of 452?
False
Is 13396208 a multiple of 49?
True
Is 13633577 a multiple of 50?
False
Does 8 divide 1707544949?
False
Does 914 divide 177268806?
False
Does 25 divide 87332539?
False
Is 13 a factor of 198016026?
True
Doe